*2 + 3070*f + 235. What is v(-76)?
-2045
Let b(o) = 29*o**2 + 1971*o - 68. Determine b(-68).
0
Let h(g) = -23697*g + 94780. Calculate h(4).
-8
Let s(o) = -6*o**3 - 169*o**2 - 459*o - 12046. What is s(-28)?
22
Let k(p) = -2176*p + 30401. What is k(14)?
-63
Let a(p) = p**2 - 427*p + 17720. Give a(381).
194
Let m(s) = -21*s**3 - 48*s**2 - 103*s - 58. Calculate m(-1).
18
Let c(o) = o**2 + 2639*o - 203549. Calculate c(75).
1
Let v(r) = 94299*r - 16502323. Give v(175).
2
Let a(j) = j**3 + 168*j**2 - 74*j - 40533. Calculate a(-167).
-286
Let q(u) = 39*u**2 - 10439*u - 45967. Calculate q(272).
1
Let i(y) = y**2 + 29*y + 56. What is i(19)?
968
Let i(t) = -t**3 - 41*t**2 - 33*t - 2394. Calculate i(-42).
756
Let n(u) = 3328*u + 316205. Calculate n(-95).
45
Let u(y) = -8*y**2 + 117*y - 108. What is u(16)?
-284
Let q(b) = -41217*b - 206098. Calculate q(-5).
-13
Let u(p) = -64*p + 3370. Determine u(57).
-278
Let r(p) = -p**2 - 1930*p - 38034. What is r(-20)?
166
Let m(u) = u**3 + 5*u**2 + 10*u + 295. Calculate m(-8).
23
Let x(c) = 7*c**3 + 5*c**2 + 85*c + 462. What is x(-6)?
-1380
Let n(f) = -16387*f + 65471. Determine n(4).
-77
Let j(z) = 59*z**2 + 1899*z + 361. Calculate j(-32).
9
Let p(u) = -u**3 + 296*u**2 - 15500*u - 1051. Determine p(228).
-139
Let b(y) = 1092*y - 177584. Give b(162).
-680
Let x(m) = 6*m**2 - 127*m + 57. Give x(34).
2675
Let m(y) = 17*y**2 + 25892*y + 2577121. Give m(-1416).
1
Let g(l) = -17049*l + 85406. Give g(5).
161
Let b(i) = 99*i**2 + 168220*i + 32278. Determine b(-1699).
-3
Let g(i) = i**2 + 4593*i - 2379617. Give g(470).
-7
Let c(l) = 7486*l + 3091709. Give c(-413).
-9
Let v(c) = 330*c + 2610. What is v(-8)?
-30
Let f(h) = 120*h - 2150. Give f(28).
1210
Let p(n) = -62*n**3 - 4*n**2 - n - 8. Calculate p(0).
-8
Let n(s) = -3*s**2 - 82*s - 1303. Determine n(-20).
-863
Let h(r) = r**3 + 161*r**2 + 6364*r - 411. Give h(-70).
9
Let v(h) = -h**3 + 84*h**2 - 237*h - 557. What is v(81)?
-71
Let r(z) = 6*z**2 - 58*z - 8157. Determine r(-32).
-157
Let r(v) = -5*v**2 - 1352*v + 52752. What is r(-305)?
-13
Let k(f) = -217*f**3 + 49*f**2 + 21*f - 74. Calculate k(3).
-5429
Let s(g) = -88*g**2 - 11*g - 72. Give s(-3).
-831
Let t(w) = -2*w**2 - 403*w + 22213. Give t(45).
28
Let j(t) = -5*t**2 - 99*t - 774. Give j(-12).
-306
Let i(y) = y**3 + 44*y**2 - 644*y + 1426. What is i(9)?
-77
Let l(h) = 26132*h + 496502. Determine l(-19).
-6
Let b(k) = k**3 - 622*k**2 + 14062*k - 6559. Give b(23).
-4
Let s(t) = 5*t**2 - 1213*t + 65879. Determine s(82).
33
Let k(d) = 234230*d + 17801477. Calculate k(-76).
-3
Let d(w) = w**3 + 119*w**2 - 2862*w + 33838. Calculate d(-141).
-2
Let w(f) = 118702*f + 949600. Determine w(-8).
-16
Let i(m) = -1278*m + 12429. What is i(7)?
3483
Let p(l) = -18*l**3 + 74*l**2 - 48*l + 167. Give p(4).
7
Let u(l) = 99*l**2 + 971*l + 1947. Calculate u(-2).
401
Let x(z) = z**3 - 18*z**2 + 40*z - 82. Determine x(5).
-207
Let p(z) = -525*z + 1689. Determine p(0).
1689
Let b(u) = 37*u**2 - 1422*u - 16815. Determine b(-12).
5577
Let a(h) = h**3 - 20*h**2 + 439*h - 7976. Determine a(19).
4
Let z(i) = -2945*i - 14881. Calculate z(-5).
-156
Let g(r) = 156*r**3 - 6*r**2 - 19*r - 12. What is g(-1)?
-155
Let a(g) = g**3 - 228534*g**2 + 914119*g - 5. Give a(4).
-9
Let w(d) = -17*d**2 + 127*d - 1528. Calculate w(16).
-3848
Let x(m) = -260*m + 18751. What is x(78)?
-1529
Let l(q) = -3*q**3 + 10*q**2 - 47*q + 18. Calculate l(8).
-1254
Let d(z) = 738*z + 8295. What is d(-11)?
177
Let d(b) = 2777*b + 55521. Give d(-20).
-19
Let o(t) = -t**3 - 60*t**2 + 126*t + 4. What is o(2)?
8
Let p(o) = 335*o + 205. Give p(3).
1210
Let m(p) = 3151*p + 371951. Give m(-118).
133
Let m(z) = z**3 - 5*z**2 - 81*z + 7. What is m(13)?
306
Let t(n) = -n**2 - 13787*n - 426428. Give t(-31).
8
Let b(i) = -3*i**3 + 2*i**2 + 242*i + 1230. Calculate b(-5).
445
Let l(r) = -r**3 - 10*r**2 - 18*r - 480. What is l(-13)?
261
Let j(b) = -3*b**3 - 188*b**2 - 470*b + 632. Determine j(-60).
32
Let i(a) = a**3 + 77*a**2 - 536*a - 17169. Determine i(-81).
3
Let n(i) = 227*i**2 - 719*i + 3636. What is n(5)?
5716
Let a(i) = 15497*i - 124157. Give a(8).
-181
Let d(g) = g**3 + 67*g**2 + 1073*g - 114. Determine d(-39).
627
Let h(w) = -5*w**2 + 1628*w + 42. Determine h(0).
42
Let i(r) = -19*r**2 - 694*r - 1209. Determine i(-35).
-194
Let t(s) = -28*s + 377. Calculate t(8).
153
Let t(n) = 2*n**3 - 449*n**2 - 224*n - 1236. Determine t(225).
-1011
Let m(h) = -86705*h - 433580. Give m(-5).
-55
Let v(m) = m**3 - 6*m**2 + 1484*m - 19676. Give v(13).
799
Let l(d) = -1539*d + 3375030. Calculate l(2193).
3
Let v(r) = -3*r**2 - 90*r - 708. What is v(-13)?
-45
Let x(k) = -28319*k - 27101285. Give x(-957).
-2
Let m(a) = -7*a**2 - 1372*a - 10521. Give m(-8).
7
Let p(k) = 8*k**2 + 51*k - 1809. Calculate p(17).
1370
Let i(n) = 2*n**3 - 30*n**2 - 605*n + 8137. Calculate i(12).
13
Let o(a) = -33*a**2 + 353*a - 1. Give o(3).
761
Let d(z) = -7*z**3 - 557*z**2 + 155*z - 53064. Determine d(-81).
-9
Let g(o) = 4928*o**2 + 4925*o - 15. Calculate g(-1).
-12
Let b(t) = -66*t**2 + 54*t - 72. Calculate b(0).
-72
Let f(i) = 4126*i + 16501. Give f(-4).
-3
Let f(a) = -83679*a + 1924603. What is f(23)?
-14
Let d(a) = -28007*a + 392138. Determine d(14).
40
Let m(h) = -1912*h - 91802. What is m(-48)?
-26
Let b(g) = -2*g**3 + 51*g**2 + 3409*g - 87856. Determine b(26).
102
Let n(i) = 54478*i - 8607525. Calculate n(158).
-1
Let d(q) = 3*q**3 - 178*q**2 - 5050*q + 261. Give d(-21).
30
Let z(l) = l**2 + 1219*l + 7251. Calculate z(-6).
-27
Let c(v) = 2*v**2 + 202*v + 3089. What is c(-19)?
-27
Let z(h) = 2207*h + 2241. Calculate z(-1).
34
Let h(j) = 39760*j + 317214. What is h(-8)?
-866
Let s(c) = 3*c**2 + 60*c - 3365. Give s(-51).
1378
Let h(k) = 798*k + 346244. Give h(-434).
-88
Let x(n) = 183*n - 6107. What is x(35)?
298
Let l(v) = -41*v**2 - 518*v + 761. What is l(-14)?
-23
Let w(k) = k**2 - 55165*k + 441256. Give w(8).
0
Let v(j) = -198*j + 6427. Determine v(32).
91
Let x(u) = 96*u**3 + 1247*u**2 + 4*u + 64. What is x(-13)?
-157
Let i(n) = -266*n + 8156. What is i(31)?
-90
Let w(f) = 28499*f - 541713. Give w(19).
-232
Let r(m) = 1536*m - 805. Calculate r(1).
731
Let w(s) = s**2 - 64*s + 876. What is w(38)?
-112
Let z(d) = -d**2 - 5585*d - 238317. Determine z(-43).
-11
Let r(u) = -354*u - 28353. Determine r(-78).
-741
Let r(s) = -s**3 + 21*s**2 + 93*s - 162. What is r(-7)?
559
Let b(l) = 710*l - 31197. Give b(44).
43
Let o(a) = -2384*a - 62138. Calculate o(-26).
-154
Let j(o) = -2*o**3 - 134*o**2 - 2435*o + 18. What is j(-25)?
8393
Let p(d) = 5*d**3 - 17*d**2 + 16*d + 47. What is p(8)?
1647
Let j(f) = 7119*f + 2669616. Calculate j(-375).
-9
Let n(c) = -10*c**2 + 4304*c - 4304. Give n(1).
-10
Let n(p) = -p**2 - 23*p + 1102. Calculate n(39).
-1316
Let i(u) = -4496247*u + 4496242. Calculate i(1).
-5
Let b(p) = 1252*p + 918. Give b(0).
918
Let y(j) = 9*j**2 + 2467*j + 43886. Determine y(-255).
26
Let i(f) = 1082*f + 30595. What is i(-28)?
299
Let d(h) = -98139*h - 1570222. What is d(-16)?
2
Let y(v) = 53142*v + 425136. Determine y(-8).
0
Let t(k) = -57269*k + 3092463. Give t(54).
-63
Let z(r) = -806675*r - 1613344. Determine z(-2).
6
Let t(z) = -6849*z - 2397162. Give t(-350).
-12
Let l(v) = -v**3 - 13*v**2 - 69079*v - 345191. Calculate l(-5).
4
Let z(h) = h**2 + 443*h + 13465. Give z(-33).
-65
Let z(l) = -311*l**2 - 210550*l - 1781. Give z(-677).
250
Let p(n) = -9*n**2 + 139*n - 448. Give p(10).
42
Let x(w) = 151111*w - 105626595. Determine x(699).
-6
Let q(i) = -3*i**2 - 188*i - 1538. Give q(-50).
362
Let n(u) = 1626*u + 193414. Calculate n(-119).
-80
Let u(z) = z**3 + 124*z**2 + 2882*z - 43. Calculate u(-93).
50
Let b(f) = -108652*f - 1195201. Calculate b(-11).
-29
Let w(z) = 653*z + 315. What is w(-4)?
-2297
Let l(f) = 52*f**2 - 734*f - 7493. Determine l(21).
25
Let o(p) = 371*p**2 + 8343*p - 8342. Determine o(1).
372
Let g(u) = -u**3 - 11*u**2 - 630*u - 6199. Determine g(-10).
1
Let c(x) = -13*x**2 - 632386*x + 632385. Determine c(1).
-14
Let z(h) = -4509*h - 35902. Calculate z(-8).
170
Let u(r) = r**3 - 70*r**2 + 1270*r - 2407. Determine u(39).
-28
Let u(p) = -3*p**3 - 78*p**2 - 49*p - 1. Give u(-25).
-651
Let s(f) = -f**2 - 89*f + 3724. Calculate s(-114).
874
Let o(a) = 2*a**2 - 480*a - 28332. Give o(-49).
-10
Let j(n) = 